k(b) = 2*b + 2. Let t be k(-2). Let l(x) be the first derivative of 2370*x - 46 + 13 - 2367*x + x**2. Give l(t).
-1
Let f be ((-34)/(-4) - -2)*32/6. Suppose 2*b + 60 = f. Let w(c) = -c**3 - c**2 + 2*c + 2. Calculate w(b).
2
Let y(b) = 86*b**2 + b - 87*b**2 - 82 + 2*b - 5*b. Give y(0).
-82
Suppose 77*m - 81*m = -2*r + 6, 1 = -4*r - 5*m. Let s(i) = i**3 - 4*i**2 - 4*i + 4. Let h be s(5). Let b(j) = -h*j**2 + 2 - 2 - j. What is b(r)?
-10
Let b(c) = -5*c**2 + 55*c - 121. Let k(f) = -f**2 - 2*f - 24. Let t(h) = -b(h) + 3*k(h). What is t(29)?
-38
Let f(h) = 3*h - 4. Let r(j) = 337*j + 1685. Let o be r(-5). Determine f(o).
-4
Let k(n) be the second derivative of n**3/6 - 8*n**2 - 846*n. What is k(24)?
8
Let n(k) be the second derivative of -89*k + 0*k**2 + 1/3*k**3 + 0. Let z(q) = q**2 + 4*q - 5. Let c be z(-4). Give n(c).
-10
Let k(h) = 0*h**2 + 8*h**2 + 6 + 7*h**2 - 18 - 22*h**2 - h**3. What is k(-7)?
-12
Let k(h) be the third derivative of h**6/120 + 2*h**5/15 + 5*h**4/12 + 11*h**3/6 + 2*h**2 - 9512. What is k(-2)?
15
Let y(z) = 8*z - 78. Let c = 20757 + -20751. What is y(c)?
-30
Let o(m) = -m - 15. Let u be o(-3). Let w be (16/u)/((-4)/36). Let a(r) = -r**2 + 12*r - 15. What is a(w)?
-15
Let m(s) = 51 - 3*s**2 + 181*s + 184*s + 4*s**2 - 387*s. What is m(3)?
-6
Suppose 5*i - 40 = v, -22*v = -24*v - 4*i + 18. Let x(b) = 9*b - 1. Let y(a) = -a + 1. Let u(d) = -2*x(d) - 14*y(d). Calculate u(v).
8
Let r = -166 + 181. Let a(i) = -3*i**2 + 44*i + 19. Let x be a(r). Let o(k) = -k**3 + 3*k**2 + 4*k + 4. Calculate o(x).
4
Let r be ((-16)/(-12))/(4/6). Suppose -2*b + 24 - 18 = 0. Let c(a) = -6*a**3 + 10*a**3 - 2*a**b - 3*a**2 - 1 + a. Calculate c(r).
5
Let c(l) = -l**3 + 6*l**2 - 2*l + 8. Let o = 264 - 258. Let d be c(o). Let q(x) = -x + 0 + 0*x - 1. What is q(d)?
3
Let h(r) = -205*r + 21 - 8 + 199*r + r**2 - 8. Let w = -2 + 8. Determine h(w).
5
Let l(i) = 2*i. Let t be ((-42)/15)/(2/(-10)). Suppose -2*h - t = -4*r, -7 = -3*r + 4*h + 1. Suppose -5*f - 38 = r*c, -f + c = 2*c + 8. Determine l(f).
-12
Suppose 1339 = -5*x + 1344. Let p(v) = -5*v**3 - 6*v**2 + 6*v - 1. Determine p(x).
-6
Let t(q) = 1 + 9 + 2404*q + 6 + 2 - 2391*q - 4*q**2. Give t(5).
-17
Let a(y) = 11*y + 29 + y**2 - 128 + 30 + 29 + 37. Let l(h) = h**3 - 3*h**2 - 4*h + 2. Let z be l(3). Determine a(z).
-13
Let l(u) be the third derivative of 3*u**2 + 0 - 7/3*u**3 + 15*u - 1/12*u**4. Give l(-13).
12
Let y(m) = -m + 1. Let d(c) = -c**2 - 3*c + 0*c - 2*c - 5*c. Let j be d(-9). Determine y(j).
-8
Let q be (-2)/10 + (-3 - (-261)/5). Let z = -44 + q. Let g(b) = b**3 - 3*b**2 - 8*b + 4. Calculate g(z).
14
Suppose -3*r = -0*r + 15. Let v(m) = 375*m + 380*m + 409*m - 1162*m - 5. Give v(r).
-15
Suppose -y = -2*t + 16, 2*y + y + 4*t + 18 = 0. Let h be 3 - (-28)/y - 68/(-10). Let d(p) = 4 + p**2 - 4 + h*p + p. Calculate d(-8).
0
Let r(c) = -20*c - 35. Let s(o) = -o**2 + 53*o - 398. Let m be s(44). What is r(m)?
5
Suppose 9*j - 480 = 15*j. Let g = 75 + j. Let r(t) = t - 3. Let x(l) = -4*l + 12. Let w(a) = 9*r(a) + 2*x(a). Give w(g).
-8
Let z(c) = 13*c + 31. Suppose -4*a + 2 = -4*a - a. Calculate z(a).
5
Let m(f) be the third derivative of f**6/360 + f**5/15 + 11*f**4/24 - 43*f**3/6 + f**2 + 2*f. Let u(n) be the first derivative of m(n). Determine u(-8).
11
Let y(h) be the first derivative of -5*h + 3/2*h**3 + 2*h**2 - 1/20*h**5 - 16 - 1/2*h**4. Let q(n) be the first derivative of y(n). Calculate q(-7).
-10
Let s(q) = 93 + 2*q - q + 86 + 79 - 254. Let k = -6 - -13. Give s(k).
11
Let f(y) = y**2 + 45*y + 11. Let p(m) = -484*m - 45. Let q be p(0). Determine f(q).
11
Suppose -4*k - 4*c = -5 - 23, 5*k - 35 = 2*c. Let b = -61 - -63. Let t(w) = -w**2 - b*w - k*w**2 - w**3 + 4 + 12*w**2. Calculate t(3).
7
Let v(b) = -51*b**3 + 16*b**2 - 7*b + 21. Let m(i) = -10*i**3 + i**2 + i - 1. Let f(p) = -5*m(p) + v(p). Calculate f(10).
6
Let g(u) be the third derivative of -u**4/24 + 17*u**3/3 + 10*u**2 - 3*u. Let q(w) = -3. Let f(n) = g(n) + 4*q(n). Determine f(9).
13
Let w(p) = 4*p + 4. Let u = 244 - -115. Let l = -362 + u. Give w(l).
-8
Suppose 13*c = 31*c - 79*c - 427. Let f(t) = -37*t - 281. Calculate f(c).
-22
Suppose 0*v + 22 = 4*v + 5*a, -5*v + 7 = -4*a. Let o(d) = d**2 - 1. Give o(v).
8
Suppose -2*k - 11*c = -2, 4*k - 14 = -4*c - 10. Let f(h) = -55*h - 3. What is f(k)?
-58
Suppose -4*z + 49*o - 11 = 54*o, 0 = 2*z - 3*o - 33. Let k(q) = 17*q - 46. Determine k(z).
56
Let w(v) = 191*v + 2 + v**3 + 10 - 182*v + 11*v**2 - 3*v**2 + 0. Determine w(-8).
-60
Let u = -66 + 59. Let i(g) = 2. Let s(w) be the second derivative of -w**4/12 - 5*w**3/6 + 5*w**2 + 6*w. Let v(f) = 2*i(f) - s(f). Determine v(u).
8
Let k(s) = 2*s**2 - 4*s - 4. Let m(l) = -l**3 + l**2 - l. Let g(u) = -3*u**2 + 7*u - 11. Let a(o) = g(o) - m(o). Let v be a(3). Determine k(v).
12
Let u(s) be the second derivative of -s**4/12 - 41*s**3/6 + 89*s**2/2 + 539*s + 2. Determine u(-43).
3
Let z(y) = 3*y. Let t be 6/(13 + -7) + 423 + 0. Let w = t + -422. What is z(w)?
6
Let s(i) be the first derivative of i**4/4 - 5*i**3/3 + i**2 - 8*i - 10. Let k be s(5). Let z(m) = 8 + 8*m**k + 3 - 20 + m**3. Give z(-8).
-9
Let p(r) = 14*r + 71. Suppose 0*u + 361 - 396 = 7*u. Calculate p(u).
1
Let n(i) be the second derivative of -i**3/3 - 5*i**2/2 - 315407*i. Suppose -2*t - 9 = 3*s, 0*t - 3 = s - 4*t. Calculate n(s).
1
Let n(m) = 2*m**2 - 214*m + 3743. Let z be n(85). Let q(l) be the second derivative of l**5/20 - 5*l**4/12 + 5*l**3/6 - l**2 - l. What is q(z)?
-5
Let c(z) = -2*z**3 - 8*z**2 - 8*z + 3. Let g be c(-2). Let w(l) be the second derivative of -5/6*l**g - 1/12*l**4 + 5/2*l**2 + 33*l + 0. What is w(-5)?
5
Let p(g) = 5*g. Let f = 76 + -118. Suppose -94 = 4*a + 3*x + 78, 86 = -2*a - 5*x. Let s = a - f. What is p(s)?
-5
Let t(i) be the second derivative of -i**5/20 - 7*i**4/12 + i**3/3 - i**2 - 3406*i. Let m be 2/(-4) - 91/14. Determine t(m).
-16
Suppose -2*b + 171*y = 172*y - 20, 0 = -4*b + 3*y + 30. Let f(a) = -a**2 + 7*a - 10. Calculate f(b).
-28
Let p(r) = -4*r + 9*r**2 - 8417569 + 2*r + 8417570. Suppose -4*w - 4 = -8*w. What is p(w)?
8
Let z(o) = o**3 + 591*o**2 + 2*o**3 - 592*o**2. Let y(a) = a**2 - a - 6. Let r be y(0). Let k be (-7)/3 + (-8)/r. Determine z(k).
-4
Suppose 4*f - 30 = -m, -5*m + 131 = -0*f + f. Let x(d) = 45 - d - 24 - m. Give x(-11).
6
Let g(j) be the second derivative of -1/20*j**5 + 2 - 2/3*j**3 - 1/3*j**4 + 14*j - 1/2*j**2. Calculate g(-4).
15
Let t(f) be the third derivative of f**6/60 + 7*f**5/30 - 5*f**4/24 + f**3/6 + 121*f**2 + f - 1. Calculate t(-7).
36
Let n(x) = -29*x - 9. Let b be (-555)/(-75) - (-136)/(-17) - (-24)/(-10). Give n(b).
78
Let y(j) be the third derivative of 0*j + 19*j**2 + 0 - 5/3*j**3 + 5/24*j**4 + 1/60*j**5. Let n be y(-7). Let r(c) = c**3 - 3*c**2 - 5. What is r(n)?
11
Suppose -a = -36 + 35. Let i be a - ((-2 - -21) + (9 - 13)). Let l(b) = -b**2 - 14*b - 10. Determine l(i).
-10
Let c(u) = -19*u + 190. Let o be -4*(-7)/((-28)/(-22)) - 11. What is c(o)?
-19
Let c(w) = -15*w**2 - 40*w + 16. Let g(t) = 7*t**2 + 22*t - 9. Let j(o) = 6*c(o) + 11*g(o). What is j(1)?
-14
Let c(v) be the third derivative of -17*v**4/8 + 305*v**3 + 8749*v**2. Give c(36).
-6
Let b(d) = -9*d - 1. Let a(c) = -c**2 - 35*c + 1762. Let o be a(-63). What is b(o)?
17
Let m(o) = 6 - o**3 + 8*o - 6 - 6 - 2 + 5*o**2. Let w = -120 + 126. Let q be m(w). Let p(v) = v - 7. What is p(q)?
-3
Let q(g) = g**2 - 9*g - 1. Let k be (-4 + ((-68)/3)/(-4))*-3. Let l(a) = -7*a - 29. Let s be l(k). Determine q(s).
-19
Let z = -198 - -225. Let o be z/(-6)*-3*4/(-6). Let p(h) = h**2 + 7*h - 13. Give p(o).
5
Let s be (-9821)/(-244) + 2/(-8). Suppose 3*v = -2*i + s, -7 = 5*v - 3*i - 61. Let k(c) = -c**2 + 11*c + 13. Give k(v).
1
Suppose 7*b + 1107 = 386. Let j = -99 - b. Let a(n) be the third derivative of n**5/60 - n**4/4 + n**3/3 - 3*n**2. Determine a(j).
-6
Let g(t) = -4*t - 83. Suppose 49*z = 48*z + 4*b + 4, -36 = 2*z + 3*b. Calculate g(z).
-35
Let v = -92 + 97. Let f(c) = c**3 - 7*c**2 + c + 54. Determine f(v).
9
Suppose -6*n + 34*n + 112 = 0. Let v(r) = -r + 2. Let o(i) = -i. Let k(p) = n*v(p) + 3*o(p). Determine k(5).
-3
Let v(p) = 4*p**3 - 3*p**2 + 34*p + 36. Let i be v(-1). Let o(l) = -2*l**2 + 5*l + 44. Give o(i).
-31
Let s(j) = 6*j**2 + 6*j + 6. Let q be 240/(-10) 